tiple of 22?
False
Does 55 divide 228807?
False
Is 260 a factor of 95514?
False
Is 340230 a multiple of 11?
True
Is 270 a factor of 5118327?
False
Is 3 a factor of 344542?
False
Does 25 divide 2943?
False
Does 59 divide 124497?
False
Is 48985 a multiple of 97?
True
Does 200 divide 303800?
True
Is 70 a factor of 6285441?
False
Is 25 a factor of 116600?
True
Is 5454090 a multiple of 10?
True
Is 245882 a multiple of 7?
True
Does 47 divide 104439?
False
Is 13 a factor of 34669?
False
Does 2 divide 479436?
True
Does 49 divide 9790?
False
Is 5215528 a multiple of 126?
False
Is 873 a factor of 1208318?
False
Is 121 a factor of 10426178?
False
Is 495573 a multiple of 149?
False
Does 3 divide 237516?
True
Does 9 divide 4004749?
False
Is 59 a factor of 8989594?
True
Is 200 a factor of 969287?
False
Does 12 divide 44038?
False
Does 201 divide 309803?
False
Is 85938 a multiple of 83?
False
Is 283392 a multiple of 32?
True
Is 412 a factor of 259095?
False
Is 22 a factor of 76643?
False
Does 285 divide 4091460?
True
Is 9 a factor of 409878?
True
Does 139 divide 9184286?
True
Does 87 divide 459663?
False
Is 116 a factor of 135497?
False
Does 8 divide 530720?
True
Is 210 a factor of 100744?
False
Is 286485 a multiple of 271?
False
Does 487 divide 10510696?
False
Is 78374 a multiple of 68?
False
Is 130 a factor of 1271920?
True
Does 196 divide 78028?
False
Is 622730 a multiple of 125?
False
Is 2676902 a multiple of 11?
False
Does 544 divide 997800?
False
Is 25 a factor of 9504727?
False
Is 1110243 a multiple of 458?
False
Is 2674600 a multiple of 65?
False
Is 185 a factor of 1390171?
False
Is 2 a factor of 79338?
True
Is 2100231 a multiple of 9?
True
Is 9576 even?
True
Is 5 a factor of 5522340?
True
Is 4 a factor of 313916?
True
Does 273 divide 2446080?
True
Is 627 a factor of 4152981?
False
Does 19 divide 234745?
True
Is 331 a factor of 184367?
True
Is 1790 a factor of 4172716?
False
Is 29 a factor of 189488?
False
Is 14 a factor of 449540?
True
Is 5803 a multiple of 5?
False
Does 722 divide 283024?
True
Is 7592116 a multiple of 451?
False
Does 10 divide 559156?
False
Does 1039 divide 5301152?
False
Is 296718 a multiple of 677?
False
Is 2 a factor of 269187?
False
Is 297 a factor of 164332?
False
Is 32 a factor of 271168?
True
Is 5610496 a multiple of 329?
False
Does 15 divide 606915?
True
Is 1143992 a multiple of 23?
False
Does 2 divide 201851?
False
Does 19 divide 914641?
True
Is 61 a factor of 231726?
False
Is 2805679 a multiple of 101?
True
Does 100 divide 103300?
True
Does 10 divide 2296558?
False
Is 289 a factor of 365296?
True
Is 57 a factor of 537571?
False
Is 92 a factor of 1240503?
False
Is 65 a factor of 82062?
False
Is 244 a factor of 4582564?
True
Does 22 divide 3885244?
True
Is 8955 a multiple of 597?
True
Is 9942870 a multiple of 210?
True
Is 8810 even?
True
Does 21 divide 11172?
True
Does 409 divide 15904010?
False
Does 132 divide 88204?
False
Does 75 divide 127125?
True
Is 65548 a multiple of 108?
False
Does 47 divide 12039003?
True
Does 50 divide 1158500?
True
Is 46 a factor of 6734354?
True
Is 10 a factor of 205191?
False
Does 3 divide 173133?
True
Is 8 a factor of 390949?
False
Is 1098 a factor of 5252832?
True
Is 1731259 a multiple of 7?
False
Does 5 divide 486015?
True
Does 33 divide 11058468?
False
Is 1052305 a multiple of 6?
False
Does 18 divide 52699?
False
Is 10830 a multiple of 6?
True
Does 854 divide 1338218?
True
Is 85866 a multiple of 116?
False
Is 191 a factor of 33998?
True
Does 132 divide 19404?
True
Does 23 divide 12138112?
True
Is 354 a factor of 124962?
True
Does 87 divide 1024860?
True
Is 501190 a multiple of 52?
False
Is 179 a factor of 138188?
True
Is 384 a factor of 498152?
False
Does 54 divide 20466?
True
Is 67 a factor of 87837?
True
Does 36 divide 6373080?
True
Is 68 a factor of 326808?
True
Is 3399504 a multiple of 16?
True
Does 64 divide 16951680?
True
Is 155 a factor of 1477615?
True
Is 305415 a multiple of 149?
False
Is 5 a factor of 335385?
True
Is 890238 a multiple of 46?
True
Is 767830 a multiple of 4?
False
Is 168776 a multiple of 146?
True
Is 33858002 a multiple of 46?
False
Is 224 a factor of 2578636?
False
Does 117 divide 2347956?
True
Does 332 divide 5421703?
False
Is 798140 a multiple of 10?
True
Is 2398034 a multiple of 97?
True
Is 28 a factor of 1018444?
True
Does 571 divide 954141?
True
Is 221 a factor of 10063179?
False
Is 23392 a multiple of 69?
False
Is 52189 a multiple of 31?
False
Does 97 divide 44620?
True
Is 794080 a multiple of 4?
True
Does 14 divide 5556856?
False
Does 46 divide 369242?
True
Is 310 a factor of 3271120?
True
Is 678722 a multiple of 11?
True
Does 6 divide 212529?
False
Is 3934704 a multiple of 24?
True
Does 504 divide 311472?
True
Is 34972 a multiple of 14?
True
Is 21 a factor of 13525563?
False
Is 68200 a multiple of 20?
True
Is 4762680 a multiple of 12?
True
Is 258110 even?
True
Does 90 divide 76950?
True
Does 132 divide 383328?
True
Does 10 divide 8544610?
True
Is 32 a factor of 34458?
False
Does 17 divide 795770?
True
Is 163 a factor of 7930602?
True
Is 1188 a factor of 7051968?
True
Is 220 a factor of 423280?
True
Is 5150 a multiple of 10?
True
Is 272 a factor of 12792099?
False
Is 436571 a multiple of 117?
False
Is 676 a factor of 425880?
True
Is 11018165 a multiple of 5?
True
Does 12 divide 4518?
False
Is 69877 a multiple of 7?
False
Is 5 a factor of 266143?
False
Is 616272 a multiple of 148?
True
Does 25 divide 18437225?
True
Does 17 divide 88213?
True
Does 9 divide 15949?
False
Is 15 a factor of 308945?
False
Does 10 divide 1550450?
True
Is 13894695 a multiple of 255?
True
Does 4 divide 793658?
False
Does 4 divide 621696?
True
Is 31 a factor of 43385?
False
Does 78 divide 23370?
False
Is 274688 a multiple of 592?
True
Is 137949 a multiple of 21?
True
Is 35163707 a multiple of 100?
False
Is 117 a factor of 192933?
True
Does 180 divide 23400?
True
Is 202 a factor of 3800728?
False
Is 21 a factor of 6274527?
True
Does 355 divide 4829763?
False
Is 3617611 a multiple of 9?
False
Does 353 divide 1584970?
True
Is 92 a factor of 2972152?
True
Is 11596 a multiple of 52?
True
Is 322 a factor of 227901?
False
Does 90 divide 872988?
False
Is 280 a factor of 517720?
True
Is 3035812 a multiple of 167?
False
Does 47 divide 174609?
False
Is 5071 a multiple of 25?
False
Is 1837667 a multiple of 13?
True
Is 11883715 a multiple of 576?
False
Is 6 a factor of 62256?
True
Is 54 a factor of 568782?
True
Does 91 divide 1045659?
False
Does 13 divide 298415?
True
Does 134 divide 1050655?
False
Is 18981856 a multiple of 265?
False
Is 89826 a multiple of 66?
True
Is 266 a factor of 87791?
False
Is 84084 a multiple of 572?
True
Is 55 a factor of 68691?
False
Is 68 a factor of 858524?
False
Does 577 divide 190968?
False
Does 64 divide 16704?
True
Does 4 divide 389432?
True
Is 793 a factor of 188794?
False
Does 52 divide 2798892?
False
Does 99 divide 249614?
False
Is 1017769 a multiple of 162?
False
Is 153 a factor of 161356?
False
Is 9 a factor of 5769?
True
Is 397437 a multiple of 11?
False
Is 9078317 a multiple of 35?
False
Is 144 a factor of 4497464?
False
Is 42 a factor of 2634534?
True
Is 338 a factor of 14196?
True
Is 7645680 a multiple of 63?
True
Does 8 divide 2676513?
False
Is 390 a factor of 421854?
False
Is 83128 a multiple of 8?
True
Is 49 a factor of 220515?
False
Is 2 a factor of 624852?
True
Does 250 divide 602500?
True
Does 2 divide 99605?
False
Is 114951 a multiple of 201?
False
Does 863 divide 2171308?
True
Is 5682420 a multiple of 153?
True
Is 634426 a multiple of 11?
False
Does 164 divide 1853032?
False
Is 24018403 a multiple of 2365?
False
Is 10 a factor of 56472?
False
Is 6 a factor of 24018?
True
Is 11 a factor of 23430?
True
Is 34 a factor of 490236?
False
Is 64044 a multiple of 12?
True
Is 33 a factor of 122862?
False
Is 6 a factor of 169458?
True
Is 323 a factor of 181593?
False
Is 159288 a multiple of 8?
True
Is 267393 a multiple of 107?
True
Does 12 divide 1253676?
True
Does 15 divide 952935?
True
Is 1398846 a multiple of 833?
False
Is 22 a factor of 892584?
True
Is 112 a factor of 364575?
False
Does 38 divide 9863318?
True
Is 43 a factor of 1277982?
False
Does 99 divide 200772?
True
Is 107 a factor of 275739?
True
Is 299074 a multiple of 38?
False
Is 32 a factor o